 + 220 + 136. Suppose 3*t = -3*u + 93, -2*u - 52 = 4*t - q. What is the units digit of t?
2
Let s(g) = 22*g**2 - 54*g - 751. What is the tens digit of s(-13)?
6
Let b = -253 - -303. What is the units digit of b?
0
Let u = 12 + 138. What is the hundreds digit of u?
1
Let m(x) = -2*x - 5. Let f be m(-9). Let o(j) = j + f - j - j + 0*j. What is the tens digit of o(0)?
1
Let f be (3 - 6 - 4 - 2) + -2. Let x = 2 - f. What is the tens digit of x?
1
Let f = 2668 - -1097. What is the hundreds digit of f?
7
Let l(w) = -29*w + 1. Let b(j) = 1. Let z(f) = 6*b(f) - l(f). Let x(p) = -57*p - 9. Let k(v) = -4*x(v) - 7*z(v). What is the tens digit of k(1)?
2
Let m(h) = -h - 3. Suppose -15 = -0*o - 3*o. Suppose 2*l + 0*l = -5*v - 12, 4*l = o*v + 36. What is the units digit of m(v)?
1
Let b be 18/(-3 + 6)*14/3. What is the tens digit of (-204)/(-10) + b/(-70)?
2
Suppose 119826 = 9*s + 45*s. What is the units digit of s?
9
Suppose 5*v = 6*v + 1. Let o be (v + -1 - -2) + 0. Suppose -4*a - 2*l + 70 = -0*a, -5*a + l + 70 = o. What is the tens digit of a?
1
Let r(g) = 4*g**2 + g + 26. Let m be r(6). Suppose -5*o = -o - m. What is the units digit of o?
4
Let g be -1 + 2 + -2 + -47. Let p = 35 - g. Let c = -23 + p. What is the units digit of c?
0
Suppose -8*n - 118 = -134. Let f = -3 + 3. Suppose n*m = -5*k + 37, -m = 5*k - f*m - 36. What is the units digit of k?
7
Let b(h) = 188*h + 15. What is the hundreds digit of b(5)?
9
Let t = 27 + 93. What is the tens digit of t?
2
Let x be 3*1/3*0. Suppose x = -d - 3*d + 12. What is the units digit of 1/(d/(-6))*-4?
8
What is the units digit of 68139/99 - (-18)/(-66)?
8
Let k(q) = 12*q**2 - 2*q - 2. Suppose d - 3*u = -17, 3*u + 19 = 3*d + 8*u. What is the tens digit of k(d)?
5
Suppose 7*l + 6*l = 13. What is the tens digit of 6/((-144)/(-654)) + l/(-4)?
2
Let a(h) be the third derivative of h**6/120 + h**5/6 + h**4/8 + 5*h**2. What is the units digit of a(-9)?
4
Let y be (-1164)/8 + (0 + 4)/8. Let d = 203 + y. What is the units digit of d?
8
Let d(b) = 4*b + 18. Let w be d(-5). Let q(v) = -3*v**3 - 2*v**2 + 1. What is the tens digit of q(w)?
1
Suppose 25*d = -18*d + 137170. What is the thousands digit of d?
3
What is the units digit of (-1)/2 + 23495/10 + -5?
4
Suppose -23*z + 15 = -20*z. Suppose -m + x = 56 - 357, 5*m = -z*x + 1525. What is the units digit of m?
3
Let o be 5/((-20)/(-16)) + -9. Let f = 67 + o. What is the units digit of f?
2
Let g(c) = 11*c**2 + 10*c + 15. What is the hundreds digit of g(-6)?
3
Let p be (-1 - 4 - 1)/(-2). Let i(h) = -2 + h**p + 0*h**3 + 11*h**2 - 3 - 4*h**2 - 10*h. What is the units digit of i(-7)?
5
Let z(n) = n - 5 - 2 + 3. Let v be z(4). Suppose 0 = s - y - v*y - 44, 3*y = 3. What is the units digit of s?
5
Suppose 0 = i - 2*i - 6. Let m be 1/(1/(-3)) + i. What is the tens digit of (-93)/m + (-2)/6?
1
Let p(z) = 8*z**3 - 4*z**2 + 16*z + 3. Let l(i) = -7*i**3 + 3*i**2 - 15*i - 2. Let h(d) = 7*l(d) + 6*p(d). What is the units digit of h(-4)?
6
Let g = -565 + 1421. What is the hundreds digit of g?
8
Let i = -144 - -95. Let y = i + 104. What is the units digit of y?
5
Let w be ((-4)/2)/(14/(-21)). Suppose -12 + 3 = -w*d. What is the tens digit of -61*(d/(-3))/1?
6
Let b be 60/(-12) - (-1 - 6). Let h(v) = 0 + 1 + 2 + 13*v**2 - v. What is the tens digit of h(b)?
5
Let z(u) = -2*u**2 + 95*u - 6. What is the hundreds digit of z(23)?
1
Let a(n) = 0 + 7 + 8*n + 2 - 2. What is the tens digit of a(12)?
0
What is the hundreds digit of 15770/6 - (-38)/57?
6
Suppose -15*r + 3708 + 8832 = 0. What is the hundreds digit of r?
8
Suppose 0 = -2*g + 4*y - 238 + 1120, 12 = -3*y. What is the tens digit of g?
3
Let n = 1483 - 1085. What is the units digit of n?
8
Let j(n) = -3*n + 45. Suppose -34 = -5*p + x, -4*p - x + 0 + 29 = 0. What is the units digit of j(p)?
4
What is the hundreds digit of (-80)/28 + 3 + 4906/7?
7
Suppose -983 = -5*a + 10872. What is the tens digit of a?
7
Let h(r) = 437*r**2 - 2. What is the tens digit of h(1)?
3
Suppose z - 5088 = -11*z. What is the tens digit of z?
2
Let m(s) = 14*s - 3. Let k be 264/42 - (-4)/(-14). What is the tens digit of m(k)?
8
Let g = -182 - -541. What is the tens digit of g?
5
Let q = -105 - -65. Let y(u) = 3*u**2 - 8*u - 10. Let n be y(-5). Let j = q + n. What is the units digit of j?
5
Let f(c) = 0 - 3 - 5*c - c - 1 + 5*c**2. What is the hundreds digit of f(-5)?
1
Suppose 5*i = 7*i + 8. Let t be 1*(2 - 4 - i). Suppose 5*h = t*h + 108. What is the tens digit of h?
3
Let v = -1646 - -2832. What is the thousands digit of v?
1
Let q(o) = -3*o**3 + 63*o**2 + 16*o - 8. What is the units digit of q(14)?
2
Suppose 2*g + 12 = b, 3*b + 4*g + 2 = -2. Suppose -b*h + 200 = -232. What is the units digit of h?
8
Let q = -408 - -235. Let y = q - -122. What is the tens digit of (y/6)/((-2)/4)?
1
Suppose -272 = 5*s - 1702. What is the tens digit of s?
8
Let v(g) = -62*g**3 + 2*g**2 - g - 7. What is the hundreds digit of v(-2)?
4
Suppose -25 = -5*p, -2*p - 17 = -2*z - 7*p. What is the units digit of 2/z - -3*9/2?
3
Suppose 3*p - 32 = -4*t - 9, -4*p + 19 = 3*t. Let j be (t - 4) + -4 - -115. Let x = 162 - j. What is the units digit of x?
0
Let v(f) = 63*f + 5. Let k be v(3). Let p = k + -110. What is the tens digit of p?
8
Suppose 3*a = m - 29, 4 = -a + 1. Let s be 390/m*(-2)/3. Let o = s - -30. What is the units digit of o?
7
Let h(t) = 5*t + 0*t - 7 - 6*t. What is the units digit of h(-24)?
7
Let o(b) = b**2 - 15*b - 22. Let s be o(18). Suppose 0 = -t + 5*x + s, -34 = -4*t - x - 11. What is the units digit of t?
7
Let i be (4 - 4)/((-1)/1). Let r(x) = 2*x + 25. What is the tens digit of r(i)?
2
Let o(i) = -i**3 + 9*i**2 - 10*i + 12. Let t be o(7). Let r = t + 37. What is the units digit of r?
7
Suppose -7*w = -5*w - 246. Let c = 5 + w. What is the hundreds digit of c?
1
Let h = 255 + -522. Let l = -139 - h. What is the tens digit of l?
2
Let w(t) = 2*t**2 - 14*t + 8. Let l be w(12). Let h = l + -62. What is the units digit of h?
6
Suppose -5*n = -2*n. Suppose -3*o + 133 + 212 = n. Let c = o + -49. What is the tens digit of c?
6
Suppose 4*t = 2*y, -2*y + 11 = 3. Suppose 4 = t*c - c. Suppose 201 = c*m + 57. What is the tens digit of m?
3
Let b be (-590)/(-18) - (-10)/45. Suppose 0 = 9*r - b - 21. What is the units digit of r?
6
Let m = 61 - 41. Let p = m - 2. Let u = 49 - p. What is the tens digit of u?
3
What is the tens digit of 4/14 + (-3078)/(-7) + 1?
4
Suppose 3*q + 8 = -5*c, -3*c + c + 1 = -3*q. Let f be (6 - -1)/(0 - q). What is the units digit of 0 - (3/3 - f)?
6
Let g(k) = 5*k**2 - 19*k + 17. What is the tens digit of g(7)?
2
Let a(k) = -5*k + 4. Let c be a(-7). Let z = c + 43. What is the units digit of z?
2
Let p(z) = 2. Let w(n) = -n. Let s(q) = -2*p(q) + 22*w(q). What is the units digit of s(-2)?
0
Let b(x) be the second derivative of x**3/6 + 109*x**2 + 32*x. What is the tens digit of b(0)?
1
Suppose 15*z + 2251 = 16*z. What is the tens digit of z?
5
Suppose 3*i = 3*u - 172 - 416, 2*i - 193 = -u. What is the hundreds digit of u?
1
Suppose -4*m - 7*m + 6*m = 0. Let h(j) = j**3 - j + 106. What is the units digit of h(m)?
6
Suppose 3*x + 212 + 73 = 0. Let a be ((-2)/5)/(1/x). Let l = -19 + a. What is the tens digit of l?
1
Let s = 101 - 65. Let k = s - 25. Let o = 13 - k. What is the units digit of o?
2
Let c = 451 - 387. What is the tens digit of c?
6
Let t(o) = -479*o - 648. What is the thousands digit of t(-9)?
3
Let p be (-4)/10*(0 + -10). Let y be 0 + -4 + p + 0. Suppose w - 5 = y, 3*u + 0*w = -w + 26. What is the units digit of u?
7
Suppose -o + 6 - 2 = 0. Let w = o - 2. Suppose b + 0 = w. What is the units digit of b?
2
Suppose 0 = 3*g - 2*r - 20, r + 3*r = 5*g - 36. Suppose -726 = -g*o - 5*c, -2*o + 2*c + 210 = -162. What is the hundreds digit of o?
1
Suppose -3*a - 3*v - 39 = 0, 0 = -5*a - 3*v - 60 - 3. Let s = a + 30. What is the tens digit of s?
1
What is the units digit of (3 + 856/(-32))*-52?
5
Let h(c) = -c**3 - 11*c**2 + 9. Let f be h(-11). Let b = 10 + f. Suppose -b = -4*o + 93. What is the units digit of o?
8
Let m = 10795 + -7406. What is the tens digit of m?
8
Let n be 3 + 0 - -1 - 3. Let h(t) = 16*t**2 + 3*t - 2. What is the units digit of h(n)?
7
Suppose -27*i + 2153 = 4*u - 22*i, u - i - 527 = 0. What is the hundreds digit of u?
5
Let r(v) = 2*v